{"id":242,"date":"2021-06-09T01:00:49","date_gmt":"2021-06-09T06:00:49","guid":{"rendered":"http:\/\/www.turistamagazine.com\/v2\/?page_id=242"},"modified":"2021-06-09T13:33:18","modified_gmt":"2021-06-09T18:33:18","slug":"mision-y-vision","status":"publish","type":"page","link":"https:\/\/www.turistamagazine.com\/v2\/?page_id=242","title":{"rendered":"VISION Y MISION"},"content":{"rendered":"<h3><span style=\"color: #800080;\"><em><strong>MISI\u00d3N<\/strong><\/em><\/span><\/h3>\n<ul>\n<li>\n<h4 style=\"text-align: justify;\"><em><strong><span style=\"color: #333399;\">Ocupar un espacio\u00a0 de periodismo especializado en la actividad tur\u00edstica, con informaci\u00f3n veraz y precisa de esta actividad, diferenci\u00e1ndonos \u00a0en funci\u00f3n a la autenticidad de su contenido, adem\u00e1s de promocionar los atractivos tur\u00edsticos del Per\u00fa y de los pa\u00edses que lo soliciten.<\/span><\/strong><\/em><\/h4>\n<\/li>\n<li>\n<h4><em><span style=\"color: #333399;\">Ser un medio de consulta sobre los avances y tendencias que d\u00eda a d\u00eda que se generan en este movimiento de personas que es el turismo<\/span><\/em><\/h4>\n<\/li>\n<li>\n<h4><em><strong><span style=\"color: #333399;\">Asimismo, es \u00a0una excelente ventana para publicitar los servicios y productos de Empresas que as\u00ed lo consideren conveniente.<\/span><\/strong><\/em><\/h4>\n<\/li>\n<\/ul>\n<h4><span style=\"color: #800080;\"><em><strong>VISI\u00d3N<\/strong><\/em><\/span><\/h4>\n<ul>\n<li>\n<h4><em><strong><span style=\"color: #333399;\">Llegar diariamente en un\u00a0 plazo no muy lejano en base de datos propios a decenas \u00a0de miles de receptores en \u00a0el Per\u00fa y el mundo, con sus ediciones\u00a0 en espa\u00f1ol, ingl\u00e9s y franc\u00e9s.<\/span><\/strong><\/em><\/h4>\n<\/li>\n<li>\n<h4><em><strong><span style=\"color: #333399;\">Ser un referente de periodismo tur\u00edstico\u00a0 en Am\u00e9rica.<\/span><\/strong><\/em><\/h4>\n<\/li>\n<\/ul>\n","protected":false},"excerpt":{"rendered":"<p>MISI\u00d3N Ocupar un espacio\u00a0 de periodismo especializado en la actividad tur\u00edstica, con informaci\u00f3n veraz y precisa de esta actividad, diferenci\u00e1ndonos \u00a0en funci\u00f3n a la autenticidad de su contenido, adem\u00e1s de promocionar los atractivos tur\u00edsticos del Per\u00fa y de los pa\u00edses que lo soliciten. Ser un medio de consulta sobre los avances y tendencias que d\u00eda a d\u00eda que se generan en este movimiento de personas que es el turismo Asimismo, es \u00a0una excelente ventana para publicitar los servicios y productos de Empresas que as\u00ed lo consideren conveniente. VISI\u00d3N Llegar diariamente en un\u00a0 plazo no muy lejano en base de datos&#8230;<\/p>\n","protected":false},"author":1,"featured_media":0,"parent":0,"menu_order":0,"comment_status":"open","ping_status":"open","template":"page_right_sidebar.php","meta":{"footnotes":""},"class_list":["post-242","page","type-page","status-publish","hentry"],"_links":{"self":[{"href":"https:\/\/www.turistamagazine.com\/v2\/index.php?rest_route=\/wp\/v2\/pages\/242","targetHints":{"allow":["GET"]}}],"collection":[{"href":"https:\/\/www.turistamagazine.com\/v2\/index.php?rest_route=\/wp\/v2\/pages"}],"about":[{"href":"https:\/\/www.turistamagazine.com\/v2\/index.php?rest_route=\/wp\/v2\/types\/page"}],"author":[{"embeddable":true,"href":"https:\/\/www.turistamagazine.com\/v2\/index.php?rest_route=\/wp\/v2\/users\/1"}],"replies":[{"embeddable":true,"href":"https:\/\/www.turistamagazine.com\/v2\/index.php?rest_route=%2Fwp%2Fv2%2Fcomments&post=242"}],"version-history":[{"count":7,"href":"https:\/\/www.turistamagazine.com\/v2\/index.php?rest_route=\/wp\/v2\/pages\/242\/revisions"}],"predecessor-version":[{"id":51366,"href":"https:\/\/www.turistamagazine.com\/v2\/index.php?rest_route=\/wp\/v2\/pages\/242\/revisions\/51366"}],"wp:attachment":[{"href":"https:\/\/www.turistamagazine.com\/v2\/index.php?rest_route=%2Fwp%2Fv2%2Fmedia&parent=242"}],"curies":[{"name":"wp","href":"https:\/\/api.w.org\/{rel}","templated":true}]}}