{"id":231,"date":"2021-05-09T01:00:36","date_gmt":"2021-05-09T06:00:36","guid":{"rendered":"http:\/\/www.turistamagazine.com\/v2\/?page_id=231"},"modified":"2021-06-09T13:26:07","modified_gmt":"2021-06-09T18:26:07","slug":"nosotros","status":"publish","type":"page","link":"https:\/\/www.turistamagazine.com\/v2\/?page_id=231","title":{"rendered":"NOSOTROS"},"content":{"rendered":"<h3><a href=\"https:\/\/www.turistamagazine.com\/v2\/wp-content\/uploads\/2021\/06\/logo-TM-2.jpg\"><img decoding=\"async\" class=\"wp-image-51359 aligncenter\" src=\"https:\/\/www.turistamagazine.com\/v2\/wp-content\/uploads\/2021\/06\/logo-TM-2.jpg\" alt=\"\" width=\"630\" height=\"599\" \/><\/a><\/h3>\n<h4 style=\"text-align: justify;\"><em><span style=\"color: #000080;\">TuristamagazineDestinos<\/span> <strong><span style=\"color: #000080;\">on line\u00a0 Portal de Noticias, de Turismo, Viajes, Pol\u00edtica, Cultura, Medio Ambiente y Ecolog\u00eda\u00a0 creado en Lima- Per\u00fa para el mundo, se dirige con paso firme hacia su D\u00e9cimo -Cuarto a\u00f1o &#8211; XIIII -consecutivo en la nube digital, siempre con la misma\u00a0m\u00edstica period\u00edstica, con presencia en Am\u00e9rica y Europa\u00a0 \u00a0en 80 pa\u00edses a trav\u00e9s de sus representantes y colaboradores<\/span><\/strong><\/em>,<span style=\"color: #800080;\"> <strong><em>donde se tratan temas y noticias de inter\u00e9s para la actividad tur\u00edstica, y la colectividad en general,\u00a0 tanto de nuestro pa\u00eds como el mundo,<\/em><\/strong><\/span> <em><span style=\"color: #000080;\"><b>llega a m\u00e1s de 50,000\u00a0 usuarios en base de datos propia (Agencias de Viaje, Embajadas y consulado , Hoteles,\u00a0 Universidades, Institutos de Turismo, Restaurantes, \u00a0Ministerio de Turismo, y toda empresa relacionada al sector tur\u00edstico) y a miles\u00a0\u00a0 usuarios por reenv\u00edo de sus representantes en toda Am\u00e9rica.<\/b><\/span><\/em><\/h4>\n<h4 style=\"text-align: justify;\"><em><span style=\"color: #800080;\">Llega 1 vez a la semana\u00a0 a <span style=\"font-size: 18.72px;\">trav\u00e9s<\/span>\u00a0del Blog Semanario Magazine On line\u00a0 <\/span><a style=\"color: #800080;\" href=\"http:\/\/semanarioturistamagazine.blogspot.com\/\">http:\/\/semanarioturistamagazine.blogspot.com\/<\/a><span style=\"color: #800080;\">\u00a0 \u00a0y los viernes\u00a0 y todos los d\u00edas estamos presentes con las \u00faltimas novedades en\u00a0 \u00a0<\/span><a href=\"http:\/\/www.turistamagazine.com\">www.turistamagazine.com<\/a><\/em><\/h4>\n<h4 style=\"text-align: justify;\"><em><strong><span style=\"text-align: justify; color: #800080;\">Integra la red del <\/span><\/strong><strong style=\"text-align: justify;\"><span style=\"color: #000080;\">FORUM IBEROAMERICANO DE PERIODISTAS DE TURISMO<\/span><\/strong><strong><span style=\"text-align: justify; color: #800080;\"> y de la <\/span><\/strong><strong style=\"text-align: justify;\"><span style=\"color: #000080;\">Federaci\u00f3n Internacional de Prensa Tur\u00edstica Digital \u00a0 \u2013 FEINPRETUDI \u2013<\/span><\/strong><\/em> <span style=\"color: #000080;\"><strong><em>Vis\u00edtenos todos los d\u00edas en nuestra p\u00e1gina web<\/em><\/strong><\/span><span style=\"text-align: justify;\">\u00a0<\/span><strong><a style=\"text-align: justify;\" href=\"http:\/\/www.turistamagazine.com\/\" target=\"_blank\" rel=\"noopener noreferrer\">www.turistamagazine.com<\/a><\/strong><\/h4>\n<h4 style=\"text-align: justify;\"><em><span style=\"color: #333399;\"><strong>En su fase anterior de\u00a0\u00a0Semanario,<\/strong> \u00a0<\/span><\/em><span style=\"color: #000080;\"><em><span style=\"color: #333399;\"><strong>TuristamagazineDestinos\u00a0<\/strong><\/span><\/em>\u00a0<\/span><em><strong><span style=\"color: #800080;\">ha sido galardonado con el Trofeo Sol del Per\u00fa por su labor en favor del turismo.\u00a0Asimismo cuenta con un reconocimiento especial a su labor de<\/span> <\/strong><strong><span style=\"color: #000080;\">CITURBOL de Bolivia (C\u00edrculo de Periodistas de Turismo Boliviano).<\/span><\/strong><\/em><\/h4>\n<h4 style=\"text-align: justify;\"><strong><em><span style=\"color: #800080;\">El\u00a0 a\u00f1o 2019 fue\u00a0 muy gratificante\u00a0 para todo el<\/span><\/em><\/strong> <span style=\"color: #000080;\"><em><strong>Staff de TuristamagazineDestinos<\/strong><\/em><\/span> <em><span style=\"color: #800080;\"><span style=\"color: #800080;\">por los miles de mensajes recibidos de nuestros dilectos lectores reconociendo el esfuerzo que realizamos a pesar <span style=\"font-size: 18.72px;\">del<\/span>\u00a0Covid-19, para brindarles un contenido period\u00edstico\u00a0 veraz\u00a0 ameno y actual.<\/span><\/span><\/em><\/h4>\n<h4 style=\"text-align: center;\"><span style=\"color: #000080;\">Directora responsable<\/span><\/h4>\n<p><a href=\"https:\/\/www.turistamagazine.com\/v2\/wp-content\/uploads\/2018\/08\/31073341_2050272691964386_1526925109258878976_n.jpg\"><img decoding=\"async\" class=\"wp-image-36928 aligncenter\" src=\"https:\/\/www.turistamagazine.com\/v2\/wp-content\/uploads\/2018\/08\/31073341_2050272691964386_1526925109258878976_n.jpg\" alt=\"\" width=\"218\" height=\"218\" \/><\/a><\/p>\n<h4 style=\"text-align: center;\"><em><span style=\"color: #333399;\">Elena \u00a0Honores<\/span><\/em><\/h4>\n<h4 style=\"text-align: center;\"><span style=\"color: #003366;\">\u00a0<span style=\"color: #000080;\"><strong><em><span style=\"text-align: center;\">Egresada de la Universidad San Mart\u00edn de Porres.<\/span><\/em><\/strong><\/span><\/span><\/h4>\n<h4 style=\"text-align: center;\"><span style=\"color: #000080;\"><strong><em>Magister en Marketing Tur\u00edstico y Hotelero.<\/em><\/strong><\/span><\/h4>\n<h4 style=\"text-align: center;\"><span style=\"color: #000080;\"><strong><em>Licenciada en Turismo y Hoteler\u00eda.<\/em><\/strong><\/span><\/h4>\n<h4 style=\"text-align: center;\"><span style=\"color: #000080;\"><strong><em>Diplomado en Periodismo.<\/em><\/strong><\/span><br \/>\n<span style=\"color: #800080;\"> <strong><em>Adem\u00e1s del periodismo, ejerce la Docencia Universitaria.<\/em><\/strong><\/span><br \/>\n<span style=\"color: #800080;\"> <strong><em> Asesora de Tesis para los t\u00edtulos de\u00a0 Maestr\u00eda en Marketing Tur\u00edstico y Hotelero, y\u00a0 de Licenciatura en Turismo y Hoteler\u00eda.<\/em><\/strong><\/span><br \/>\n<span style=\"color: #800080;\"> <strong><em> Conferencista e investigadora del rubro.<\/em><\/strong><\/span><\/h4>\n<h4 style=\"text-align: center;\"><span style=\"color: #333399;\"><em><strong>Presidenta de<\/strong><\/em><\/span> <strong><span style=\"color: #000080;\">FEINPRETUDI<\/span><\/strong>\u00a0( <strong><span style=\"color: #000080;\">Federaci\u00f3n Internacional de Prensa Tur\u00edstica Digital \u00a0(2014- 2020<\/span><\/strong><br \/>\n<strong><span style=\"color: #000080;\">Directora del F\u00f3rum Iberoamericano de Periodistas de Turismo (2012-2014-2017)<\/span><\/strong><\/h4>\n<h4><em><span style=\"color: #000080;\">Columnistas invitados<\/span><\/em><\/h4>\n<p><a href=\"https:\/\/www.turistamagazine.com\/v2\/wp-content\/uploads\/2017\/10\/Don-Antonio-Tejera-210x300.jpg\"><img decoding=\"async\" class=\"alignnone size-full wp-image-31988\" src=\"https:\/\/www.turistamagazine.com\/v2\/wp-content\/uploads\/2017\/10\/Don-Antonio-Tejera-210x300.jpg\" alt=\"\" width=\"112\" height=\"160\" \/><\/a><\/p>\n<h4><em><span style=\"color: #000080;\"><strong>Dr. Antonio -Pedro Tejera Reyes<\/strong><\/span><\/em><\/h4>\n<h4><span style=\"color: #333399;\"><strong><em>*Director General del Centro Internacional de Estudios Tur\u00edsticos de Canarias.<\/em><\/strong><\/span><\/h4>\n<h4><span style=\"color: #333399;\"><strong><em>*Miembro activo del Grupo de Expertos de la Organizaci\u00f3n Mundial del Turismo. OMT. de las Naciones Unidas. ONU.<\/em><\/strong><\/span><\/h4>\n<h4><span style=\"color: #333399;\"><strong><em>*Conseiller International, Associazione Intenazionale Stampa Tur\u00edstica AIST. (Italia)<\/em><\/strong><\/span><\/h4>\n<h4><span style=\"color: #333399;\"><strong><em>*Diplome D\u00b4Honneur. Uni\u00f3n des Escrivans et Journalistes Hellenes du Tourisme. FIJET. Federaci\u00f3n Mundial de Periodistas y Escritores de Turismo.<\/em><\/strong><\/span><\/h4>\n<h4><span style=\"color: #333399;\"><strong><em>*Inscrito en el Consejo Nacional de Ciencia, Tecnolog\u00eda e Innovaci\u00f3n. Per\u00fa.<\/em><\/strong><\/span><\/h4>\n<h4><span style=\"color: #333399;\"><strong><em>*Pluma de Oro de Rotary Internacional. Puerto de la Cruz Tenerife. Islas Canarias<\/em><\/strong><\/span><\/h4>\n<h4><strong><em><span style=\"color: #000080;\">Diplom\u00e1tico \/ Director Fundador del centro Internacional de Estudios Tur\u00edsticos de Canarias CIESTCA<\/span><\/em><\/strong><br \/>\n<a href=\"mailto:inseticanarias@yahoo.es\">inseticanarias@yahoo.es<\/a><\/h4>\n<h4><a href=\"https:\/\/www.turistamagazine.com\/v2\/wp-content\/uploads\/2016\/10\/Antero.1-.jpg\"><img decoding=\"async\" class=\"alignnone size-full wp-image-25577\" src=\"https:\/\/www.turistamagazine.com\/v2\/wp-content\/uploads\/2016\/10\/Antero.1-.jpg\" alt=\"\" width=\"137\" height=\"160\" \/><\/a><\/h4>\n<h4><em><span style=\"color: #000080;\"><strong>Dr. Antero Flores Araos<\/strong><\/span><\/em><br \/>\n<em><span style=\"color: #000080;\"><strong>Reconocido jurista y\u00a0pol\u00edtico\u00a0peruano<\/strong>\u00a0<strong>Fundador del partido\u00a0<u>ORDEN<br \/>\n<\/u>Ha sido Diputado, Constituyente y Congresista de la Rep\u00fablica del Per\u00fa, siempre de la mano del Partido Popular Cristiano.<\/strong><\/span><\/em><\/h4>\n<h3><strong><img decoding=\"async\" class=\"alignleft\" style=\"margin-right: 10px;\" src=\"http:\/\/www.turistamagazine.com\/imagenes\/columnistas%20invitados%20%20JORDI.jpg\" alt=\"\" width=\"120\" height=\"120\" \/><\/strong><\/h3>\n<h4><strong><em><span style=\"color: #000080;\">Lic. Jordi Rosell Salv\u00f3<\/span><\/em><\/strong><\/h4>\n<h4><strong><em><span style=\"color: #000080;\">Director de FORMAHOSTEL<\/span><\/em><\/strong><br \/>\n<strong><em><span style=\"color: #000080;\">Espa\u00f1a<\/span><\/em><\/strong><\/h4>\n<h4><strong><em><span style=\"color: #000080;\"><a style=\"color: #000080;\" href=\"mailto:info@formahostel.es\">info@formahostel.es<\/a><\/span><\/em><\/strong><\/h4>\n<h4><strong><em><span style=\"color: #000080;\"><a href=\"https:\/\/www.turistamagazine.com\/v2\/wp-content\/uploads\/2021\/06\/163_alfonsina_barrionuevo_234x200.jpg\"><img decoding=\"async\" class=\"alignnone wp-image-51361 size-thumbnail\" src=\"https:\/\/www.turistamagazine.com\/v2\/wp-content\/uploads\/2021\/06\/163_alfonsina_barrionuevo_234x200-150x150.jpg\" alt=\"\" width=\"150\" height=\"150\" \/><\/a><\/span><\/em><\/strong><\/h4>\n<h4><span style=\"color: #333399;\"><em><strong>Alfonsina Barrionuevo (Cusco-Per\u00fa) es abogada, periodista y escritora, con m\u00e1s de 25 libros sobre temas peruanos prehisp\u00e1nicos, virreinales y contempor\u00e1neos y con numerosos cuentos infantiles escritas en base a la tradici\u00f3n oral.<\/strong><\/em><\/span><\/h4>\n<p><a href=\"mailto:miskha100@gmail.com\">miskha100@gmail.com<\/a><\/p>\n<h4><em><span style=\"color: #333399;\"><strong>Mar\u00eda Shaw<\/strong><\/span><\/em><\/h4>\n<p><a href=\"https:\/\/www.turistamagazine.com\/v2\/wp-content\/uploads\/2019\/01\/MARIA-SHAW-189KB.jpg\"><img decoding=\"async\" class=\"alignnone size-full wp-image-38748\" src=\"https:\/\/www.turistamagazine.com\/v2\/wp-content\/uploads\/2019\/01\/MARIA-SHAW-189KB.jpg\" alt=\"\" width=\"144\" height=\"160\" \/><\/a><\/p>\n<h4><strong><span style=\"color: #000080;\"><em>Uruguay\u00a0<\/em><\/span><\/strong><\/h4>\n<h4><strong><span style=\"color: #333399;\"><em>Decana de las periodistas de turismo en Uruguay.<\/em><\/span><\/strong><\/h4>\n<h4><strong><span style=\"color: #333399;\"><em>Escribe habitualmente para medios electr\u00f3nicos e impresos de distintos pa\u00edses.<\/em><\/span><\/strong><\/h4>\n<h4><strong><span style=\"color: #333399;\"><em>Responsable de un noticiero de turismo en una de las m\u00e1s prestigiosas radios de Uruguay.<\/em><\/span><\/strong><\/h4>\n<h4><strong><span style=\"color: #333399;\"><em>Secretaria general del F\u00f3rum Iberoamericano de Periodistas de Turismo.<\/em><\/span><\/strong><\/h4>\n<h4><strong><span style=\"color: #333399;\"><em>Por muchos a\u00f1os fue secretaria del CIPETUR, C\u00edrculo de Periodistas de Turismo de Uruguay.<\/em><\/span><\/strong><\/h4>\n<h4><strong><span style=\"color: #333399;\"><a style=\"color: #333399;\" href=\"mailto:mashaw@montevideo.com.uy\">mashaw@montevideo.com.uy<\/a><\/span><\/strong><\/h4>\n<h4><span style=\"color: #333399;\"><em><strong>Fotos del banner de Portada<\/strong><\/em><\/span><\/h4>\n<h4 style=\"text-align: justify;\"><span style=\"color: #800080;\"><strong><em>Foto 1\u00ba.-La Danza de las Tijeras es una expresi\u00f3n cultural del ancestral culto a los apus, que los habitantes de Ayacucho, Huancavelica, Apur\u00edmac y parte de Arequipa practican hasta la actualidad. Los bailarines lo heredan de familia en familia. El Instituto Nacional de Cultura lo proclam\u00f3 Patrimonio Cultural de la Naci\u00f3n, en 1995.<\/em><\/strong><\/span><\/h4>\n<h4 style=\"text-align: justify;\"><span style=\"color: #800080;\"><strong><em>Foto\/ Andina.com<\/em><\/strong><\/span><\/h4>\n<h4 style=\"text-align: justify;\"><span style=\"color: #000080;\"><strong><em>2\u00ba \u00a0<\/em><\/strong><\/span><strong><em><span style=\"color: #000080;\">La Laguna de Paca es un bell\u00edsimo lago de monta\u00f1a del Per\u00fa situado en la provincia de Jauja en el \u00a0departamento de Jun\u00edn, a unos 3.5 km al norte de la ciudad de Jauja primera capital \u00a0del Virreinato del Per\u00fa. Se encuentra a 3.418 metros de altitud, presenta una extensi\u00f3n de 21.40 km2 y tiene una capacidad de 85.50 mil m3.\u00a0<\/span><\/em><\/strong><\/h4>\n<h4 style=\"text-align: justify;\"><span style=\"color: #000080;\"><strong><em>Foto\/ Viajes Pac\u00edfico<\/em><\/strong><\/span><\/h4>\n<h3 style=\"text-align: justify;\"><span style=\"color: #800080;\"><strong><em>3\u00b0 \u00a0<\/em><\/strong><\/span><strong><em><span style=\"color: #000080;\"><span style=\"color: #800080;\">Veliko Tarnovo,- Bulgaria en el norte del pa\u00eds a 241 km de la capital, Sof\u00eda, sus casas altas y estrechas se asoman al borde de las paredes verticales que descienden a los meandros del r\u00edo. En varias ocasiones ha ganado el premio a\u00a0\u201cLa ciudad m\u00e1s bella\u201d\u00a0de Bulgaria, que organizan los medios de comunicaci\u00f3n a trav\u00e9s de encuestas anuales. Su situaci\u00f3n estrat\u00e9gica como encrucijada y punto de encuentro de muchas conexiones comerciales, hizo que durante m\u00e1s de 200 a\u00f1os fuera capital del pa\u00eds, en el per\u00edodo del Segundo Reino B\u00falgaro (1185 \u2013 1393) que hab\u00eda sido restaurado por los hermanos Asen y Petar, quienes declararon el fin del dominio bizantino<\/span>.<\/span><\/em><\/strong><\/h3>\n<h3><strong><em><span style=\"color: #000080;\">Foto\/ Carmen Cespedosa<\/span><\/em><\/strong><\/h3>\n<h4 style=\"text-align: justify;\"><span style=\"color: #000080;\"><strong><em>\u00a0F<\/em><\/strong><strong><em>oto4\u00ba.-\u00a0<\/em><\/strong><\/span><strong><em><span style=\"color: #000080;\">El volc\u00e1n Teide, nevado en esta \u00e9poca del a\u00f1o, preside esta bella estampa de la Vega de La Laguna, en la isla de Tenerife. Al fondo de la fotograf\u00eda se puede apreciar el Aeropuerto Tenerife-Norte, uno de los puntos de entrada a la isla con m\u00e1s de cinco millones de turistas anuales.<\/span><\/em><\/strong><\/h4>\n<h4><strong><em><span style=\"color: #000080;\">Foto\/ Fina gentileza de Milagros Acosta del Toro<\/span><\/em><\/strong><\/h4>\n<h4 style=\"text-align: justify;\"><span style=\"color: #800080;\"><strong><em>5\u00ba\u00a0Moyobamba, la ciudad de las orqu\u00eddeas, se viste de gala para celebrar del\u00a0 todos los a\u00f1os\u00a0 del 20 al 30 de junio su Semana Tur\u00edstica con las tradicionales fiestas de San Juan, San Pedro y San Pablo, en la que se realizan\u00a0 festivales gastron\u00f3micos, concursos, comparsas, deportes de aventura, entre otras actividades.<\/em><\/strong><\/span><\/h4>\n<h4 style=\"text-align: justify;\"><span style=\"color: #800080;\"><strong><em>Foto\/\u00a0<a style=\"color: #800080;\" href=\"http:\/\/www.educacionenred.pe\/\" target=\"_blank\" rel=\"noopener noreferrer\">http:\/\/www.educacionenred.pe<\/a><\/em><\/strong><\/span><\/h4>\n","protected":false},"excerpt":{"rendered":"<p>TuristamagazineDestinos on line\u00a0 Portal de Noticias, de Turismo, Viajes, Pol\u00edtica, Cultura, Medio Ambiente y Ecolog\u00eda\u00a0 creado en Lima- Per\u00fa para el mundo, se dirige con paso firme hacia su D\u00e9cimo -Cuarto a\u00f1o &#8211; XIIII -consecutivo en la nube digital, siempre con la misma\u00a0m\u00edstica period\u00edstica, con presencia en Am\u00e9rica y Europa\u00a0 \u00a0en 80 pa\u00edses a trav\u00e9s de sus representantes y colaboradores, donde se tratan temas y noticias de inter\u00e9s para la actividad tur\u00edstica, y la colectividad en general,\u00a0 tanto de nuestro pa\u00eds como el mundo, llega a m\u00e1s de 50,000\u00a0 usuarios en base de datos propia (Agencias de Viaje, Embajadas y&#8230;<\/p>\n","protected":false},"author":1,"featured_media":0,"parent":0,"menu_order":1,"comment_status":"open","ping_status":"open","template":"page_right_sidebar.php","meta":{"footnotes":""},"class_list":["post-231","page","type-page","status-publish","hentry"],"_links":{"self":[{"href":"https:\/\/www.turistamagazine.com\/v2\/index.php?rest_route=\/wp\/v2\/pages\/231","targetHints":{"allow":["GET"]}}],"collection":[{"href":"https:\/\/www.turistamagazine.com\/v2\/index.php?rest_route=\/wp\/v2\/pages"}],"about":[{"href":"https:\/\/www.turistamagazine.com\/v2\/index.php?rest_route=\/wp\/v2\/types\/page"}],"author":[{"embeddable":true,"href":"https:\/\/www.turistamagazine.com\/v2\/index.php?rest_route=\/wp\/v2\/users\/1"}],"replies":[{"embeddable":true,"href":"https:\/\/www.turistamagazine.com\/v2\/index.php?rest_route=%2Fwp%2Fv2%2Fcomments&post=231"}],"version-history":[{"count":72,"href":"https:\/\/www.turistamagazine.com\/v2\/index.php?rest_route=\/wp\/v2\/pages\/231\/revisions"}],"predecessor-version":[{"id":51363,"href":"https:\/\/www.turistamagazine.com\/v2\/index.php?rest_route=\/wp\/v2\/pages\/231\/revisions\/51363"}],"wp:attachment":[{"href":"https:\/\/www.turistamagazine.com\/v2\/index.php?rest_route=%2Fwp%2Fv2%2Fmedia&parent=231"}],"curies":[{"name":"wp","href":"https:\/\/api.w.org\/{rel}","templated":true}]}}